j?
19
Let x(a) = a**3 - 10*a**2 + 10*a + 6. Calculate the remainder when 54 is divided by x(9).
9
What is the remainder when 71 is divided by (11 - 10)*15/1?
11
Let c = 30 + -32. Let q(k) = -3*k**3 - 2*k**2 - 2*k + 1. What is the remainder when 60 is divided by q(c)?
18
Let k(c) = 36*c - 125. Calculate the remainder when k(9) is divided by 50.
49
Suppose 5 = 4*g - 27. Let o be -4 + -4*1/2. Let n(t) = -5*t - 1. What is the remainder when n(o) is divided by g?
5
Suppose -5*g + 253 = -p, 0 = 3*g - 3*p - 37 - 110. What is the remainder when 292 is divided by g?
37
Suppose -65 = -5*u + 4*z, 2*z - 7 = 3. Let i(h) = -7*h**3 + 2*h**2 - 1. Let p be i(1). Let y = 11 + p. Calculate the remainder when u is divided by y.
2
Suppose 2*d + 8 = -4*m + 48, 4*m - 70 = -3*d. Let r = d - 15. What is the remainder when 72 is divided by r?
12
Let y = 62 + -27. Suppose -3*b - y = -86. What is the remainder when 63 is divided by b?
12
Let v be 232 + (-2 - -1) + 2. Suppose 5*b - v = 2*n, 0 = n + 3 - 4. What is the remainder when b is divided by 26?
21
Suppose -3*h + 3*p + 81 = 0, -4*h - 5*p = -0*h - 63. Suppose 2*b - 435 = -5*i, 4*i = b + 2*b + 348. Calculate the remainder when i is divided by h.
21
Calculate the remainder when (-2)/4 - 1/(2/(-1447)) is divided by 66.
63
Let h be -3 - -2 - (-28 - -3). Suppose -3*q = 3*q + h. Let t(f) = f**2 - f - 1. Calculate the remainder when t(q) is divided by 5.
4
Suppose 0 = 2*b - 6*b. Suppose -4*z + 5*n - 41 = b, -z - 2*z + 3 = 3*n. Calculate the remainder when 19 is divided by (209/(-38))/(2/z).
8
Let v = 403 - 363. What is the remainder when v is divided by 27?
13
Suppose -5*o - 13 = 3*k - 0*k, -4*k + 6 = -5*o. Let y(g) = -43*g + 2. What is the remainder when y(k) is divided by 23?
22
Let j(v) = -v + 6. Let a be j(5). Let p(x) = -3*x + 6. Let d be p(4). What is the remainder when a - -10*(-33)/d is divided by 19?
18
Suppose -2 + 6 = 2*c. Let r(l) = -l**2 - l + 1. Let g be r(c). Let k = g + 30. What is the remainder when 97 is divided by k?
22
Let z(h) = 8*h - 12. Let b be z(2). Suppose 0 = -d - 3*m + b + 11, 4*d + 2*m - 50 = 0. What is the remainder when 130 is divided by d?
10
Suppose -2*v + 8 = -2*y, 8*v = 3*v + y + 20. Suppose 25 = v*w - 3. Let n = 279 + -254. What is the remainder when n is divided by w?
4
Suppose -4*x + 14 - 4 = 2*b, -x = 4*b - 20. Calculate the remainder when (15/b - 2) + 1*19 is divided by 2.
0
Suppose -9*f = -3*f - 1368. What is the remainder when f is divided by 58?
54
Suppose 0 = -4*t + 2 + 34. Let r = -302 - -315. Calculate the remainder when r is divided by t.
4
Let x = 19 - 99. Suppose 0 = 15*v + 53*v - 36 - 236. What is the remainder when x/(-6) + (-2)/6 is divided by v?
1
Suppose -3*y - 25 = -5*q, 0 = -3*y - q + 6 - 1. Suppose y = -0*m - 7*m + 154. Calculate the remainder when m is divided by 12.
10
Calculate the remainder when 337 is divided by (-78)/(-8)*(-128)/(-16).
25
Suppose -13*p - 396 = -46*p. Calculate the remainder when 862 is divided by p.
10
Suppose a = -678 + 692. What is the remainder when 401 is divided by a?
9
Let n(h) = -h**3 + 11*h**2 - 11*h + 6. Let k be 2 + (-1 + 40 - -4). Suppose 0 = -3*z + 8*z - k. Calculate the remainder when n(z) is divided by 24.
21
Let x = -615 + 859. Calculate the remainder when x is divided by 41.
39
Let p = -100 + 70. What is the remainder when 132 is divided by p/((-1)/(-1) - 3)?
12
Let m(f) = -f**3 + 12*f**2 + 15*f - 7. Calculate the remainder when m(13) is divided by 2.
1
Calculate the remainder when -3 - (-54)/24 - (-358)/8 is divided by 5.
4
Let z(d) = -2*d**2 + 29*d + 55. Calculate the remainder when 17 is divided by z(16).
3
Suppose 3*y + 32 = -5*i, -y - 6 = -2. Let s = i - 66. Let h = s + 129. What is the remainder when h is divided by 15?
14
What is the remainder when 240 is divided by (-1768)/(-80) + 2/(-20)?
20
Let m = 100 - 106. Calculate the remainder when 3 - 156*m/9 is divided by 36.
35
Let c = -49 + 72. Suppose 228 = 12*u - 276. What is the remainder when u is divided by c?
19
Let x = -144 + 155. What is the remainder when 185 is divided by x?
9
Let y = 1 - -4. Let t(n) = -n**2 + 8*n - 4. Let h = 17 + -10. What is the remainder when y is divided by t(h)?
2
Let i = 0 - -2. Suppose -8*l = -i*l - 102. Calculate the remainder when 65 is divided by l.
14
Let q be (0 + 1)*(-5 - -14). Let w = q - 6. Suppose -2*d - 9*d + 66 = 0. Calculate the remainder when d is divided by w.
0
Let n(y) = 3*y - 11. Let k = 109 - 36. Calculate the remainder when k is divided by n(12).
23
Suppose -3*s + 13 = 46. What is the remainder when 17 is divided by (-97)/s + 10/55?
8
Let t(o) = o**2 - 32*o - 394. What is the remainder when t(-12) is divided by 17?
15
Let w(m) = 12*m**2 + 17*m - 130. Calculate the remainder when w(5) is divided by 8.
7
What is the remainder when 179 - (-46 + 43)/((-3)/(-2)) is divided by 94?
87
Suppose 5*h - 4*j = 11, 5*h = 2*h - 4*j + 13. Suppose h*b - 28 = -4*c, 4*c - 30 = -b - 2. What is the remainder when c is divided by (-9)/(-5) - (-2)/10?
1
Let h(a) = a**2 + 4*a - 2. Suppose -5*w - 2*f = -0*w - 26, -w = 5*f - 19. Suppose 23 = 5*x - w*x. Calculate the remainder when h(5) is divided by x.
20
Suppose -63*w - 2050 = -6964. What is the remainder when w is divided by ((-5)/4)/(1/(-16))?
18
Suppose -87 = -2*c + 69. Suppose c = 3*k - 2*k + 5*s, 2*k - 121 = -3*s. Calculate the remainder when k is divided by 28.
25
Let t = -9 + 28. Let c(k) = -34*k + 1. What is the remainder when c(-1) is divided by t?
16
Suppose 8*l = 4*l + 4*w + 40, 52 = 4*l - w. Calculate the remainder when 460 is divided by l.
12
Suppose -19*m + 436 = -15*m. Calculate the remainder when m is divided by 16.
13
Let c(a) = -13*a - 28. Suppose -120 = -2*s - 2*s. Calculate the remainder when s is divided by c(-3).
8
Let a(r) = r + 3. Let x be a(0). Let y(n) = -2 - 13*n + 4 - 6 - x. What is the remainder when y(-6) is divided by 18?
17
Suppose 5*d = -2*x - 21, -d + 3 = -0*d - 2*x. Calculate the remainder when 61 is divided by (-4 - 4 - d)*16/(-10).
5
Let y = -289 + 322. What is the remainder when 127 is divided by y?
28
Let r(d) = -12*d - 251. Calculate the remainder when r(-24) is divided by 22.
15
Suppose 0 = -9*u + 49*u - 480. Calculate the remainder when 23 is divided by u.
11
Let c = 171 - 115. Suppose 12 = 4*l - c. What is the remainder when l is divided by 10?
7
Let p(c) = -3*c + 152. What is the remainder when p(-17) is divided by 65?
8
Let s = -36 - -45. Suppose -2*a = s - 21. What is the remainder when 17 is divided by a?
5
Suppose 8 = -g + 10. Calculate the remainder when 34 is divided by 11 + (2/g - 3).
7
Let q = 26 + -22. Suppose 0 = -q*v + 136 + 460. Suppose 2*x = 4*h + 70, -6*x + 5*h = -2*x - v. What is the remainder when x is divided by 14?
13
Let v(o) = o**2 + 7*o + 4. Let a be v(-6). What is the remainder when (0 - a)*(-4 + 26) is divided by 15?
14
Suppose s - 3 - 12 = 2*g, -15 = 3*g. Suppose s*l + 153 = 2*o - 28, -2*l = 5*o - 380. Suppose c + o = 2*c. Calculate the remainder when c is divided by 20.
18
Suppose -13*c + 3221 = 5*n, -5*c = -3*n - 403 - 826. Calculate the remainder when c is divided by 57.
19
Suppose 39*l = 153 + 198. What is the remainder when 13 is divided by l?
4
Suppose 407 = -9*o + 20*o. Calculate the remainder when o is divided by 12.
1
Suppose -4*z + 7*z = 27. What is the remainder when 6435/330*4/2 is divided by z?
3
Suppose -4*f - 123 - 19 = -3*r, 3*r + 5*f - 187 = 0. Calculate the remainder when r is divided by (-4)/10 + (-168)/(-20).
6
Let o(q) = 13*q + 59. Let j be o(-9). Let l = 72 + j. Let z(w) = -w**2 + 6*w - 3. Calculate the remainder when l is divided by z(2).
4
Suppose 2*o = -2 + 526. Suppose a - 5*z = -4*a + 250, 5*a = z + o. Calculate the remainder when a is divided by 19.
15
Let l(t) = 919*t**2 - 6*t - 4. Calculate the remainder when l(-1) is divided by 66.
63
Suppose 0 = 14*a - 2235 - 775. What is the remainder when a is divided by 24?
23
Suppose 2*j - 23 - 493 = 0. Calculate the remainder when 3 + (-2)/((-4)/j) is divided by 27.
24
Let r(h) = 2*h**2 - 12*h + 19. Suppose 5*g = 5, 0*g + 104 = 4*i + 4*g. What is the remainder when i is divided by r(5)?
7
Let t(p) = -4*p**2 + 33*p + 17. What is the remainder when 70 is divided by t(8)?
20
Suppose 7*b - 2*w + 209 = 10*b, -2*b = 5*w - 132. Calculate the remainder when b is d